[INFO] cloning repository https://github.com/U-C-S/rust-rpc-windows-sample
[INFO] running `Command { std: "git" "-c" "credential.helper=" "-c" "credential.helper=/workspace/cargo-home/bin/git-credential-null" "clone" "--bare" "https://github.com/U-C-S/rust-rpc-windows-sample" "/workspace/cache/git-repos/https%3A%2F%2Fgithub.com%2FU-C-S%2Frust-rpc-windows-sample", kill_on_drop: false }`
[INFO] [stderr] Cloning into bare repository '/workspace/cache/git-repos/https%3A%2F%2Fgithub.com%2FU-C-S%2Frust-rpc-windows-sample'...
[INFO] running `Command { std: "git" "rev-parse" "HEAD", kill_on_drop: false }`
[INFO] [stdout] 984437c7330976e8b2a0469535550072b5727368
[INFO] checking U-C-S/rust-rpc-windows-sample against master#9610dfe5a9a731ced1ea4923ecbd0c57fe367898 for beta-170-4
[INFO] running `Command { std: "git" "clone" "/workspace/cache/git-repos/https%3A%2F%2Fgithub.com%2FU-C-S%2Frust-rpc-windows-sample" "/workspace/builds/worker-6-tc1/source", kill_on_drop: false }`
[INFO] [stderr] Cloning into '/workspace/builds/worker-6-tc1/source'...
[INFO] [stderr] done.
[INFO] validating manifest of git repo https://github.com/U-C-S/rust-rpc-windows-sample on toolchain 9610dfe5a9a731ced1ea4923ecbd0c57fe367898
[INFO] running `Command { std: CARGO_HOME="/workspace/cargo-home" RUSTUP_HOME="/workspace/rustup-home" "/workspace/cargo-home/bin/cargo" "+9610dfe5a9a731ced1ea4923ecbd0c57fe367898" "metadata" "--manifest-path" "Cargo.toml" "--no-deps", kill_on_drop: false }`
[INFO] started tweaking git repo https://github.com/U-C-S/rust-rpc-windows-sample
[INFO] finished tweaking git repo https://github.com/U-C-S/rust-rpc-windows-sample
[INFO] tweaked toml for git repo https://github.com/U-C-S/rust-rpc-windows-sample written to /workspace/builds/worker-6-tc1/source/Cargo.toml
[INFO] crate git repo https://github.com/U-C-S/rust-rpc-windows-sample already has a lockfile, it will not be regenerated
[INFO] running `Command { std: CARGO_HOME="/workspace/cargo-home" RUSTUP_HOME="/workspace/rustup-home" "/workspace/cargo-home/bin/cargo" "+9610dfe5a9a731ced1ea4923ecbd0c57fe367898" "fetch" "--manifest-path" "Cargo.toml", kill_on_drop: false }`
[INFO] [stderr]  Downloading crates ...
[INFO] [stderr]   Downloaded jsonrpsee v0.15.1
[INFO] running `Command { std: "docker" "create" "-v" "/var/lib/crater-agent-workspace/builds/worker-6-tc1/target:/opt/rustwide/target:rw,Z" "-v" "/var/lib/crater-agent-workspace/builds/worker-6-tc1/source:/opt/rustwide/workdir:ro,Z" "-v" "/var/lib/crater-agent-workspace/cargo-home:/opt/rustwide/cargo-home:ro,Z" "-v" "/var/lib/crater-agent-workspace/rustup-home:/opt/rustwide/rustup-home:ro,Z" "-e" "SOURCE_DIR=/opt/rustwide/workdir" "-e" "CARGO_TARGET_DIR=/opt/rustwide/target" "-e" "CARGO_HOME=/opt/rustwide/cargo-home" "-e" "RUSTUP_HOME=/opt/rustwide/rustup-home" "-w" "/opt/rustwide/workdir" "-m" "1610612736" "--user" "0:0" "--network" "none" "ghcr.io/rust-lang/crates-build-env/linux@sha256:19e73879b68f455e41552ea35293514db52ea292d993f571636dbffedb77a1ee" "/opt/rustwide/cargo-home/bin/cargo" "+9610dfe5a9a731ced1ea4923ecbd0c57fe367898" "metadata" "--no-deps" "--format-version=1", kill_on_drop: false }`
[INFO] [stdout] d9b3c93ed872475d92a69b822e63ce74a0bf21eca80d3e56ce57109bcfcc1f8e
[INFO] running `Command { std: "docker" "start" "-a" "d9b3c93ed872475d92a69b822e63ce74a0bf21eca80d3e56ce57109bcfcc1f8e", kill_on_drop: false }`
[INFO] running `Command { std: "docker" "inspect" "d9b3c93ed872475d92a69b822e63ce74a0bf21eca80d3e56ce57109bcfcc1f8e", kill_on_drop: false }`
[INFO] running `Command { std: "docker" "rm" "-f" "d9b3c93ed872475d92a69b822e63ce74a0bf21eca80d3e56ce57109bcfcc1f8e", kill_on_drop: false }`
[INFO] [stdout] d9b3c93ed872475d92a69b822e63ce74a0bf21eca80d3e56ce57109bcfcc1f8e
[INFO] running `Command { std: "docker" "create" "-v" "/var/lib/crater-agent-workspace/builds/worker-6-tc1/target:/opt/rustwide/target:rw,Z" "-v" "/var/lib/crater-agent-workspace/builds/worker-6-tc1/source:/opt/rustwide/workdir:ro,Z" "-v" "/var/lib/crater-agent-workspace/cargo-home:/opt/rustwide/cargo-home:ro,Z" "-v" "/var/lib/crater-agent-workspace/rustup-home:/opt/rustwide/rustup-home:ro,Z" "-e" "SOURCE_DIR=/opt/rustwide/workdir" "-e" "CARGO_TARGET_DIR=/opt/rustwide/target" "-e" "CARGO_INCREMENTAL=0" "-e" "RUST_BACKTRACE=full" "-e" "RUSTFLAGS=--cap-lints=forbid" "-e" "RUSTDOCFLAGS=--cap-lints=forbid" "-e" "CARGO_HOME=/opt/rustwide/cargo-home" "-e" "RUSTUP_HOME=/opt/rustwide/rustup-home" "-w" "/opt/rustwide/workdir" "-m" "1610612736" "--user" "0:0" "--network" "none" "ghcr.io/rust-lang/crates-build-env/linux@sha256:19e73879b68f455e41552ea35293514db52ea292d993f571636dbffedb77a1ee" "/opt/rustwide/cargo-home/bin/cargo" "+9610dfe5a9a731ced1ea4923ecbd0c57fe367898" "check" "--frozen" "--all" "--all-targets" "--message-format=json", kill_on_drop: false }`
[INFO] [stdout] 443b3a93d3533ea27b09ba9baa64d679ff60addf72a469fd531abfd1dbeae918
[INFO] running `Command { std: "docker" "start" "-a" "443b3a93d3533ea27b09ba9baa64d679ff60addf72a469fd531abfd1dbeae918", kill_on_drop: false }`
[INFO] [stderr]    Compiling libc v0.2.131
[INFO] [stderr]     Checking cfg-if v1.0.0
[INFO] [stderr]    Compiling autocfg v1.1.0
[INFO] [stderr]     Checking once_cell v1.13.0
[INFO] [stderr]    Compiling proc-macro2 v1.0.43
[INFO] [stderr]    Compiling log v0.4.17
[INFO] [stderr]    Compiling unicode-ident v1.0.3
[INFO] [stderr]    Compiling quote v1.0.21
[INFO] [stderr]     Checking regex-syntax v0.6.27
[INFO] [stderr]    Compiling parking_lot_core v0.9.3
[INFO] [stderr]     Checking smallvec v1.9.0
[INFO] [stderr]    Compiling syn v1.0.99
[INFO] [stderr]     Checking scopeguard v1.1.0
[INFO] [stderr]    Compiling memchr v2.5.0
[INFO] [stderr]     Checking pin-project-lite v0.2.9
[INFO] [stderr]     Checking lazy_static v1.4.0
[INFO] [stderr]     Checking ansi_term v0.12.1
[INFO] [stderr]     Checking bytes v1.2.1
[INFO] [stderr]     Checking sharded-slab v0.1.4
[INFO] [stderr]     Checking jsonrpsee v0.15.1
[INFO] [stderr]     Checking tracing-core v0.1.29
[INFO] [stderr]     Checking thread_local v1.1.4
[INFO] [stderr]    Compiling lock_api v0.4.7
[INFO] [stderr]    Compiling tokio v1.20.1
[INFO] [stderr]     Checking tracing-log v0.1.3
[INFO] [stderr]     Checking tracing v0.1.36
[INFO] [stderr]     Checking mio v0.8.4
[INFO] [stderr]     Checking socket2 v0.4.4
[INFO] [stderr]     Checking signal-hook-registry v1.4.0
[INFO] [stderr]     Checking num_cpus v1.13.1
[INFO] [stderr]     Checking parking_lot v0.12.1
[INFO] [stderr]     Checking regex-automata v0.1.10
[INFO] [stderr]     Checking regex v1.6.0
[INFO] [stderr]     Checking matchers v0.1.0
[INFO] [stderr]     Checking tracing-subscriber v0.3.15
[INFO] [stderr]    Compiling tokio-macros v1.8.0
[INFO] [stderr]     Checking rust-rpc-windows-sample v0.1.0 (/opt/rustwide/workdir)
[INFO] [stdout] error[E0428]: the name `main` is defined multiple times
[INFO] [stdout]   --> src/main.rs:20:7
[INFO] [stdout]    |
[INFO] [stdout] 3  | fn main() {
[INFO] [stdout]    | --------- previous definition of the value `main` here
[INFO] [stdout] ...
[INFO] [stdout] 20 | async fn main() -> anyhow::Result<()> {
[INFO] [stdout]    |       ^^^^^^^^^^^^^^^^^^^^^^^^^^^^^^^ `main` redefined here
[INFO] [stdout]    |
[INFO] [stdout]    = note: `main` must be defined only once in the value namespace of this module
[INFO] [stdout] 
[INFO] [stdout] 
[INFO] [stdout] error[E0428]: the name `main` is defined multiple times
[INFO] [stdout]   --> src/main.rs:20:7
[INFO] [stdout]    |
[INFO] [stdout] 3  | fn main() {
[INFO] [stdout]    | --------- previous definition of the value `main` here
[INFO] [stdout] ...
[INFO] [stdout] 20 | async fn main() -> anyhow::Result<()> {
[INFO] [stdout]    |       ^^^^^^^^^^^^^^^^^^^^^^^^^^^^^^^ `main` redefined here
[INFO] [stdout]    |
[INFO] [stdout]    = note: `main` must be defined only once in the value namespace of this module
[INFO] [stdout] 
[INFO] [stdout] 
[INFO] [stdout] error[E0433]: failed to resolve: could not find `core` in `jsonrpsee`
[INFO] [stdout]   --> src/main.rs:13:16
[INFO] [stdout]    |
[INFO] [stdout] 13 | use jsonrpsee::core::client::ClientT;
[INFO] [stdout]    |                ^^^^ could not find `core` in `jsonrpsee`
[INFO] [stdout] 
[INFO] [stdout] 
[INFO] [stdout] error[E0433]: failed to resolve: could not find `core` in `jsonrpsee`
[INFO] [stdout]   --> src/main.rs:13:16
[INFO] [stdout]    |
[INFO] [stdout] 13 | use jsonrpsee::core::client::ClientT;
[INFO] [stdout]    |                ^^^^ could not find `core` in `jsonrpsee`
[INFO] [stdout] 
[INFO] [stdout] 
[INFO] [stdout] error[E0432]: unresolved import `jsonrpsee::http_client`
[INFO] [stdout]   --> src/main.rs:14:16
[INFO] [stdout]    |
[INFO] [stdout] 14 | use jsonrpsee::http_client::HttpClientBuilder;
[INFO] [stdout]    |                ^^^^^^^^^^^ could not find `http_client` in `jsonrpsee`
[INFO] [stdout] 
[INFO] [stdout] 
[INFO] [stdout] error[E0432]: unresolved import `jsonrpsee::http_client`
[INFO] [stdout]   --> src/main.rs:14:16
[INFO] [stdout]    |
[INFO] [stdout] 14 | use jsonrpsee::http_client::HttpClientBuilder;
[INFO] [stdout]    |                ^^^^^^^^^^^ could not find `http_client` in `jsonrpsee`
[INFO] [stdout] 
[INFO] [stdout] 
[INFO] [stdout] error[E0432]: unresolved import `jsonrpsee::http_server`
[INFO] [stdout]   --> src/main.rs:15:16
[INFO] [stdout]    |
[INFO] [stdout] 15 | use jsonrpsee::http_server::{HttpServerBuilder, HttpServerHandle, RpcModule};
[INFO] [stdout]    |                ^^^^^^^^^^^ could not find `http_server` in `jsonrpsee`
[INFO] [stdout] 
[INFO] [stdout] 
[INFO] [stdout] error[E0432]: unresolved import `jsonrpsee::rpc_params`
[INFO] [stdout]   --> src/main.rs:16:5
[INFO] [stdout]    |
[INFO] [stdout] 16 | use jsonrpsee::rpc_params;
[INFO] [stdout]    |     ^^^^^^^^^^^^^^^^^^^^^ no `rpc_params` in the root
[INFO] [stdout] 
[INFO] [stdout] 
[INFO] [stdout] error[E0433]: failed to resolve: use of undeclared crate or module `tracing`
[INFO] [stdout]   --> src/main.rs:31:2
[INFO] [stdout]    |
[INFO] [stdout] 31 |     tracing::info!("r: {:?}", response);
[INFO] [stdout]    |     ^^^^^^^ use of undeclared crate or module `tracing`
[INFO] [stdout] 
[INFO] [stdout] 
[INFO] [stdout] error: cannot determine resolution for the macro `rpc_params`
[INFO] [stdout]   --> src/main.rs:29:15
[INFO] [stdout]    |
[INFO] [stdout] 29 |     let params = rpc_params!(1_u64, 2, 3);
[INFO] [stdout]    |                  ^^^^^^^^^^
[INFO] [stdout]    |
[INFO] [stdout]    = note: import resolution is stuck, try simplifying macro imports
[INFO] [stdout] 
[INFO] [stdout] 
[INFO] [stdout] error[E0432]: unresolved import `jsonrpsee::http_server`
[INFO] [stdout]   --> src/main.rs:15:16
[INFO] [stdout]    |
[INFO] [stdout] 15 | use jsonrpsee::http_server::{HttpServerBuilder, HttpServerHandle, RpcModule};
[INFO] [stdout]    |                ^^^^^^^^^^^ could not find `http_server` in `jsonrpsee`
[INFO] [stdout] 
[INFO] [stdout] 
[INFO] [stdout] error[E0432]: unresolved import `jsonrpsee::rpc_params`
[INFO] [stdout]   --> src/main.rs:16:5
[INFO] [stdout]    |
[INFO] [stdout] 16 | use jsonrpsee::rpc_params;
[INFO] [stdout]    |     ^^^^^^^^^^^^^^^^^^^^^ no `rpc_params` in the root
[INFO] [stdout] 
[INFO] [stdout] 
[INFO] [stdout] error[E0433]: failed to resolve: use of undeclared crate or module `tracing`
[INFO] [stdout]   --> src/main.rs:31:2
[INFO] [stdout]    |
[INFO] [stdout] 31 |     tracing::info!("r: {:?}", response);
[INFO] [stdout]    |     ^^^^^^^ use of undeclared crate or module `tracing`
[INFO] [stdout] 
[INFO] [stdout] 
[INFO] [stdout] error: cannot determine resolution for the macro `rpc_params`
[INFO] [stdout]   --> src/main.rs:29:15
[INFO] [stdout]    |
[INFO] [stdout] 29 |     let params = rpc_params!(1_u64, 2, 3);
[INFO] [stdout]    |                  ^^^^^^^^^^
[INFO] [stdout]    |
[INFO] [stdout]    = note: import resolution is stuck, try simplifying macro imports
[INFO] [stdout] 
[INFO] [stdout] 
[INFO] [stdout] error[E0433]: failed to resolve: use of undeclared crate or module `anyhow`
[INFO] [stdout]   --> src/main.rs:20:20
[INFO] [stdout]    |
[INFO] [stdout] 20 | async fn main() -> anyhow::Result<()> {
[INFO] [stdout]    |                    ^^^^^^ use of undeclared crate or module `anyhow`
[INFO] [stdout] 
[INFO] [stdout] 
[INFO] [stdout] error[E0433]: failed to resolve: use of undeclared crate or module `anyhow`
[INFO] [stdout]   --> src/main.rs:36:26
[INFO] [stdout]    |
[INFO] [stdout] 36 | async fn run_server() -> anyhow::Result<(SocketAddr, HttpServerHandle)> {
[INFO] [stdout]    |                          ^^^^^^ use of undeclared crate or module `anyhow`
[INFO] [stdout] 
[INFO] [stdout] 
[INFO] [stdout] error: aborting due to 9 previous errors
[INFO] [stdout] 
[INFO] [stdout] 
[INFO] [stdout] Some errors have detailed explanations: E0428, E0432, E0433.
[INFO] [stdout] 
[INFO] [stdout] For more information about an error, try `rustc --explain E0428`.
[INFO] [stdout] 
[INFO] [stdout] error[E0433]: failed to resolve: use of undeclared crate or module `anyhow`
[INFO] [stdout]   --> src/main.rs:20:20
[INFO] [stdout]    |
[INFO] [stdout] 20 | async fn main() -> anyhow::Result<()> {
[INFO] [stdout]    |                    ^^^^^^ use of undeclared crate or module `anyhow`
[INFO] [stdout] 
[INFO] [stdout] 
[INFO] [stdout] error[E0433]: failed to resolve: use of undeclared crate or module `anyhow`
[INFO] [stdout]   --> src/main.rs:36:26
[INFO] [stdout]    |
[INFO] [stdout] 36 | async fn run_server() -> anyhow::Result<(SocketAddr, HttpServerHandle)> {
[INFO] [stdout]    |                          ^^^^^^ use of undeclared crate or module `anyhow`
[INFO] [stdout] 
[INFO] [stdout] 
[INFO] [stdout] error: aborting due to 9 previous errors
[INFO] [stdout] 
[INFO] [stdout] 
[INFO] [stdout] Some errors have detailed explanations: E0428, E0432, E0433.
[INFO] [stdout] 
[INFO] [stdout] For more information about an error, try `rustc --explain E0428`.
[INFO] [stdout] 
[INFO] [stderr] error: could not compile `rust-rpc-windows-sample` (bin "rust-rpc-windows-sample") due to 10 previous errors
[INFO] [stderr] warning: build failed, waiting for other jobs to finish...
[INFO] [stderr] error: could not compile `rust-rpc-windows-sample` (bin "rust-rpc-windows-sample" test) due to 10 previous errors
[INFO] running `Command { std: "docker" "inspect" "443b3a93d3533ea27b09ba9baa64d679ff60addf72a469fd531abfd1dbeae918", kill_on_drop: false }`
[INFO] running `Command { std: "docker" "rm" "-f" "443b3a93d3533ea27b09ba9baa64d679ff60addf72a469fd531abfd1dbeae918", kill_on_drop: false }`
[INFO] [stdout] 443b3a93d3533ea27b09ba9baa64d679ff60addf72a469fd531abfd1dbeae918
